{"id":370,"date":"2019-10-01T07:59:04","date_gmt":"2019-10-01T05:59:04","guid":{"rendered":"https:\/\/motorrad-tourenfahrer.com\/blues-motorradreisen\/?page_id=370"},"modified":"2019-10-03T13:54:52","modified_gmt":"2019-10-03T11:54:52","slug":"stuetzpunkt-in-der-schweiz","status":"publish","type":"page","link":"https:\/\/motorrad-tourenfahrer.com\/blues-motorradreisen\/stuetzpunkt-in-der-schweiz\/","title":{"rendered":"Unterkunft f\u00fcr Motrradfahrer"},"content":{"rendered":"\n<h2 class=\"wp-block-heading\">Home for Biker&#8217;s<\/h2>\n\n\n\n<p>Um die Schweiz mit und auf dem Motorrad geniessen zu k\u00f6nnen, steht ein ger\u00e4umiges Bauernhaus in zentraler Lage zur Verf\u00fcgung.<\/p>\n\n\n\n<p>Die Unterkunft liegt sehr zentral in der Schweiz gelegen und die Schweizer Alpenp\u00e4sse sind in gut einer Stunde erreichbar.<\/p>\n\n\n\n<p>Es k\u00f6nnen bis zu 10 Schlafpl\u00e4tze genutzt werden und die Motorr\u00e4der k\u00f6nnen untergestellt oder in einer Garage eingestellt werden.<\/p>\n\n\n\n<h2 class=\"wp-block-heading\">Location<\/h2>\n\n\n\n<figure class=\"wp-block-image\"><a href=\"https:\/\/bauernhaus.retromatik.ch\"><img decoding=\"async\" src=\"https:\/\/bauernhaus.retromatik.ch\/_media\/stock-images\/img_0205-640x480-.png\" alt=\"\"\/><\/a><\/figure>\n\n\n\n<h2 class=\"wp-block-heading\">Einige Impressionen<\/h2>\n\n\n\n<ul class=\"wp-block-gallery columns-3 is-cropped wp-block-gallery-1 is-layout-flex wp-block-gallery-is-layout-flex\"><li class=\"blocks-gallery-item\"><figure><img loading=\"lazy\" decoding=\"async\" width=\"684\" height=\"912\" src=\"https:\/\/motorrad-tourenfahrer.com\/blues-motorradreisen\/wp-content\/uploads\/sites\/2\/2019\/10\/IMG_20190818_150030_resized_20191001_122727106.jpg\" alt=\"\" data-id=\"833\" data-link=\"https:\/\/motorrad-tourenfahrer.com\/blues-motorradreisen\/stuetzpunkt-in-der-schweiz\/img_20190818_150030_resized_20191001_122727106\/\" class=\"wp-image-833\" srcset=\"https:\/\/motorrad-tourenfahrer.com\/blues-motorradreisen\/wp-content\/uploads\/sites\/2\/2019\/10\/IMG_20190818_150030_resized_20191001_122727106.jpg 684w, https:\/\/motorrad-tourenfahrer.com\/blues-motorradreisen\/wp-content\/uploads\/sites\/2\/2019\/10\/IMG_20190818_150030_resized_20191001_122727106-225x300.jpg 225w\" sizes=\"auto, (max-width: 684px) 100vw, 684px\" \/><\/figure><\/li><li class=\"blocks-gallery-item\"><figure><img loading=\"lazy\" decoding=\"async\" width=\"912\" height=\"684\" src=\"https:\/\/motorrad-tourenfahrer.com\/blues-motorradreisen\/wp-content\/uploads\/sites\/2\/2019\/10\/IMG_20190818_160928_resized_20191001_122726782.jpg\" alt=\"\" data-id=\"834\" data-link=\"https:\/\/motorrad-tourenfahrer.com\/blues-motorradreisen\/stuetzpunkt-in-der-schweiz\/img_20190818_160928_resized_20191001_122726782\/\" class=\"wp-image-834\" srcset=\"https:\/\/motorrad-tourenfahrer.com\/blues-motorradreisen\/wp-content\/uploads\/sites\/2\/2019\/10\/IMG_20190818_160928_resized_20191001_122726782.jpg 912w, https:\/\/motorrad-tourenfahrer.com\/blues-motorradreisen\/wp-content\/uploads\/sites\/2\/2019\/10\/IMG_20190818_160928_resized_20191001_122726782-300x225.jpg 300w, https:\/\/motorrad-tourenfahrer.com\/blues-motorradreisen\/wp-content\/uploads\/sites\/2\/2019\/10\/IMG_20190818_160928_resized_20191001_122726782-768x576.jpg 768w, https:\/\/motorrad-tourenfahrer.com\/blues-motorradreisen\/wp-content\/uploads\/sites\/2\/2019\/10\/IMG_20190818_160928_resized_20191001_122726782-640x480.jpg 640w\" sizes=\"auto, (max-width: 912px) 100vw, 912px\" \/><\/figure><\/li><li class=\"blocks-gallery-item\"><figure><img loading=\"lazy\" decoding=\"async\" width=\"684\" height=\"912\" src=\"https:\/\/motorrad-tourenfahrer.com\/blues-motorradreisen\/wp-content\/uploads\/sites\/2\/2019\/10\/IMG_20190818_201938_resized_20191001_122726552.jpg\" alt=\"\" data-id=\"835\" data-link=\"https:\/\/motorrad-tourenfahrer.com\/blues-motorradreisen\/stuetzpunkt-in-der-schweiz\/img_20190818_201938_resized_20191001_122726552\/\" class=\"wp-image-835\" srcset=\"https:\/\/motorrad-tourenfahrer.com\/blues-motorradreisen\/wp-content\/uploads\/sites\/2\/2019\/10\/IMG_20190818_201938_resized_20191001_122726552.jpg 684w, https:\/\/motorrad-tourenfahrer.com\/blues-motorradreisen\/wp-content\/uploads\/sites\/2\/2019\/10\/IMG_20190818_201938_resized_20191001_122726552-225x300.jpg 225w\" sizes=\"auto, (max-width: 684px) 100vw, 684px\" \/><\/figure><\/li><li class=\"blocks-gallery-item\"><figure><img loading=\"lazy\" decoding=\"async\" width=\"912\" height=\"684\" src=\"https:\/\/motorrad-tourenfahrer.com\/blues-motorradreisen\/wp-content\/uploads\/sites\/2\/2019\/10\/IMG_20190819_194333_resized_20191001_122726246.jpg\" alt=\"\" data-id=\"836\" data-link=\"https:\/\/motorrad-tourenfahrer.com\/blues-motorradreisen\/stuetzpunkt-in-der-schweiz\/img_20190819_194333_resized_20191001_122726246\/\" class=\"wp-image-836\" srcset=\"https:\/\/motorrad-tourenfahrer.com\/blues-motorradreisen\/wp-content\/uploads\/sites\/2\/2019\/10\/IMG_20190819_194333_resized_20191001_122726246.jpg 912w, https:\/\/motorrad-tourenfahrer.com\/blues-motorradreisen\/wp-content\/uploads\/sites\/2\/2019\/10\/IMG_20190819_194333_resized_20191001_122726246-300x225.jpg 300w, https:\/\/motorrad-tourenfahrer.com\/blues-motorradreisen\/wp-content\/uploads\/sites\/2\/2019\/10\/IMG_20190819_194333_resized_20191001_122726246-768x576.jpg 768w, https:\/\/motorrad-tourenfahrer.com\/blues-motorradreisen\/wp-content\/uploads\/sites\/2\/2019\/10\/IMG_20190819_194333_resized_20191001_122726246-640x480.jpg 640w\" sizes=\"auto, (max-width: 912px) 100vw, 912px\" \/><\/figure><\/li><li class=\"blocks-gallery-item\"><figure><img loading=\"lazy\" decoding=\"async\" width=\"684\" height=\"912\" src=\"https:\/\/motorrad-tourenfahrer.com\/blues-motorradreisen\/wp-content\/uploads\/sites\/2\/2019\/10\/IMG_20190820_200055_resized_20191001_122725952.jpg\" alt=\"\" data-id=\"837\" data-link=\"https:\/\/motorrad-tourenfahrer.com\/blues-motorradreisen\/stuetzpunkt-in-der-schweiz\/img_20190820_200055_resized_20191001_122725952\/\" class=\"wp-image-837\" srcset=\"https:\/\/motorrad-tourenfahrer.com\/blues-motorradreisen\/wp-content\/uploads\/sites\/2\/2019\/10\/IMG_20190820_200055_resized_20191001_122725952.jpg 684w, https:\/\/motorrad-tourenfahrer.com\/blues-motorradreisen\/wp-content\/uploads\/sites\/2\/2019\/10\/IMG_20190820_200055_resized_20191001_122725952-225x300.jpg 225w\" sizes=\"auto, (max-width: 684px) 100vw, 684px\" \/><\/figure><\/li><li class=\"blocks-gallery-item\"><figure><img loading=\"lazy\" decoding=\"async\" width=\"912\" height=\"684\" src=\"https:\/\/motorrad-tourenfahrer.com\/blues-motorradreisen\/wp-content\/uploads\/sites\/2\/2019\/10\/IMG_20190820_200444_resized_20191001_122725636.jpg\" alt=\"\" data-id=\"838\" data-link=\"https:\/\/motorrad-tourenfahrer.com\/blues-motorradreisen\/stuetzpunkt-in-der-schweiz\/img_20190820_200444_resized_20191001_122725636\/\" class=\"wp-image-838\" srcset=\"https:\/\/motorrad-tourenfahrer.com\/blues-motorradreisen\/wp-content\/uploads\/sites\/2\/2019\/10\/IMG_20190820_200444_resized_20191001_122725636.jpg 912w, https:\/\/motorrad-tourenfahrer.com\/blues-motorradreisen\/wp-content\/uploads\/sites\/2\/2019\/10\/IMG_20190820_200444_resized_20191001_122725636-300x225.jpg 300w, https:\/\/motorrad-tourenfahrer.com\/blues-motorradreisen\/wp-content\/uploads\/sites\/2\/2019\/10\/IMG_20190820_200444_resized_20191001_122725636-768x576.jpg 768w, https:\/\/motorrad-tourenfahrer.com\/blues-motorradreisen\/wp-content\/uploads\/sites\/2\/2019\/10\/IMG_20190820_200444_resized_20191001_122725636-640x480.jpg 640w\" sizes=\"auto, (max-width: 912px) 100vw, 912px\" \/><\/figure><\/li><li class=\"blocks-gallery-item\"><figure><img loading=\"lazy\" decoding=\"async\" width=\"684\" height=\"912\" src=\"https:\/\/motorrad-tourenfahrer.com\/blues-motorradreisen\/wp-content\/uploads\/sites\/2\/2019\/10\/IMG_20190820_202450_resized_20191001_122725316.jpg\" alt=\"\" data-id=\"839\" data-link=\"https:\/\/motorrad-tourenfahrer.com\/blues-motorradreisen\/stuetzpunkt-in-der-schweiz\/img_20190820_202450_resized_20191001_122725316\/\" class=\"wp-image-839\" srcset=\"https:\/\/motorrad-tourenfahrer.com\/blues-motorradreisen\/wp-content\/uploads\/sites\/2\/2019\/10\/IMG_20190820_202450_resized_20191001_122725316.jpg 684w, https:\/\/motorrad-tourenfahrer.com\/blues-motorradreisen\/wp-content\/uploads\/sites\/2\/2019\/10\/IMG_20190820_202450_resized_20191001_122725316-225x300.jpg 225w\" sizes=\"auto, (max-width: 684px) 100vw, 684px\" \/><\/figure><\/li><li class=\"blocks-gallery-item\"><figure><img loading=\"lazy\" decoding=\"async\" width=\"684\" height=\"912\" src=\"https:\/\/motorrad-tourenfahrer.com\/blues-motorradreisen\/wp-content\/uploads\/sites\/2\/2019\/10\/IMG_20190822_120220_resized_20191001_122725076.jpg\" alt=\"\" data-id=\"840\" data-link=\"https:\/\/motorrad-tourenfahrer.com\/blues-motorradreisen\/stuetzpunkt-in-der-schweiz\/img_20190822_120220_resized_20191001_122725076\/\" class=\"wp-image-840\" srcset=\"https:\/\/motorrad-tourenfahrer.com\/blues-motorradreisen\/wp-content\/uploads\/sites\/2\/2019\/10\/IMG_20190822_120220_resized_20191001_122725076.jpg 684w, https:\/\/motorrad-tourenfahrer.com\/blues-motorradreisen\/wp-content\/uploads\/sites\/2\/2019\/10\/IMG_20190822_120220_resized_20191001_122725076-225x300.jpg 225w\" sizes=\"auto, (max-width: 684px) 100vw, 684px\" \/><\/figure><\/li><li class=\"blocks-gallery-item\"><figure><img loading=\"lazy\" decoding=\"async\" width=\"912\" height=\"684\" src=\"https:\/\/motorrad-tourenfahrer.com\/blues-motorradreisen\/wp-content\/uploads\/sites\/2\/2019\/10\/IMG_20190822_143213_resized_20191001_122724864.jpg\" alt=\"\" data-id=\"841\" data-link=\"https:\/\/motorrad-tourenfahrer.com\/blues-motorradreisen\/stuetzpunkt-in-der-schweiz\/img_20190822_143213_resized_20191001_122724864\/\" class=\"wp-image-841\" srcset=\"https:\/\/motorrad-tourenfahrer.com\/blues-motorradreisen\/wp-content\/uploads\/sites\/2\/2019\/10\/IMG_20190822_143213_resized_20191001_122724864.jpg 912w, https:\/\/motorrad-tourenfahrer.com\/blues-motorradreisen\/wp-content\/uploads\/sites\/2\/2019\/10\/IMG_20190822_143213_resized_20191001_122724864-300x225.jpg 300w, https:\/\/motorrad-tourenfahrer.com\/blues-motorradreisen\/wp-content\/uploads\/sites\/2\/2019\/10\/IMG_20190822_143213_resized_20191001_122724864-768x576.jpg 768w, https:\/\/motorrad-tourenfahrer.com\/blues-motorradreisen\/wp-content\/uploads\/sites\/2\/2019\/10\/IMG_20190822_143213_resized_20191001_122724864-640x480.jpg 640w\" sizes=\"auto, (max-width: 912px) 100vw, 912px\" \/><\/figure><\/li><\/ul>\n","protected":false},"excerpt":{"rendered":"<p>Home for Biker&#8217;s Um die Schweiz mit und auf dem Motorrad geniessen zu k\u00f6nnen, steht ein ger\u00e4umiges Bauernhaus in zentraler Lage zur Verf\u00fcgung. Die Unterkunft liegt sehr zentral in der<a href=\"https:\/\/motorrad-tourenfahrer.com\/blues-motorradreisen\/stuetzpunkt-in-der-schweiz\/\" class=\"more-link\"><span class=\"readmore\">Continue reading<span class=\"screen-reader-text\">Unterkunft f\u00fcr Motrradfahrer<\/span><\/span><\/a><\/p>\n","protected":false},"author":1,"featured_media":841,"parent":0,"menu_order":0,"comment_status":"closed","ping_status":"closed","template":"","meta":{"footnotes":""},"class_list":["post-370","page","type-page","status-publish","has-post-thumbnail","hentry"],"_links":{"self":[{"href":"https:\/\/motorrad-tourenfahrer.com\/blues-motorradreisen\/wp-json\/wp\/v2\/pages\/370","targetHints":{"allow":["GET"]}}],"collection":[{"href":"https:\/\/motorrad-tourenfahrer.com\/blues-motorradreisen\/wp-json\/wp\/v2\/pages"}],"about":[{"href":"https:\/\/motorrad-tourenfahrer.com\/blues-motorradreisen\/wp-json\/wp\/v2\/types\/page"}],"author":[{"embeddable":true,"href":"https:\/\/motorrad-tourenfahrer.com\/blues-motorradreisen\/wp-json\/wp\/v2\/users\/1"}],"replies":[{"embeddable":true,"href":"https:\/\/motorrad-tourenfahrer.com\/blues-motorradreisen\/wp-json\/wp\/v2\/comments?post=370"}],"version-history":[{"count":10,"href":"https:\/\/motorrad-tourenfahrer.com\/blues-motorradreisen\/wp-json\/wp\/v2\/pages\/370\/revisions"}],"predecessor-version":[{"id":1130,"href":"https:\/\/motorrad-tourenfahrer.com\/blues-motorradreisen\/wp-json\/wp\/v2\/pages\/370\/revisions\/1130"}],"wp:featuredmedia":[{"embeddable":true,"href":"https:\/\/motorrad-tourenfahrer.com\/blues-motorradreisen\/wp-json\/wp\/v2\/media\/841"}],"wp:attachment":[{"href":"https:\/\/motorrad-tourenfahrer.com\/blues-motorradreisen\/wp-json\/wp\/v2\/media?parent=370"}],"curies":[{"name":"wp","href":"https:\/\/api.w.org\/{rel}","templated":true}]}}